a). What is v(-4)?
-8
Let c be 588/(-56)*(-5)/((-35)/(-12)). Let r = 15 - c. Let d(v) = -v**2 - v - 1. Give d(r).
-7
Let l(g) be the second derivative of -g**5/20 + 11*g**4/4 + 5*g**3/6 - 157*g**2/2 - 5406*g. What is l(33)?
8
Suppose -4*s + 5*s - 7 = 5*k, 2*s - 7 = 3*k. Let w(u) = -6*u**2 - u + 19. What is w(s)?
-7
Let i(o) = -o**3 - 382 + 26*o + 271 - 37*o + 18*o**2. Calculate i(17).
-9
Let w(s) = s**3 - 2*s**2 + s + 3. Let c be 7/3*((-300)/70)/(-5). Determine w(c).
5
Let r(p) be the third derivative of -5*p**4/24 - 5*p**3/6 + 42*p**2. Let g(f) = 4*f + 5. Let i(w) = 3*g(w) + 2*r(w). Give i(6).
17
Let t be ((-2)/(-3))/(25/75). Let k be t/(-14) + (-408)/84. Let n(y) = y**3 + 5*y**2 - y - 7. What is n(k)?
-2
Let o(k) be the third derivative of 0*k**3 + 1/8*k**4 - 1/120*k**6 + 0 + 0*k - 6*k**2 - 1/120*k**5. Let t(j) be the second derivative of o(j). Give t(-2).
11
Let n(t) be the third derivative of -t**5/30 - t**4/8 - 834*t**2. Determine n(4).
-44
Suppose 5*b + u = -128 + 166, 0 = -2*b - 5*u - 17. Let y(m) = m**3 - 8*m**2 - 10*m + 11. Calculate y(b).
2
Suppose 247*w + 922 + 537 = 471. Let b(i) = i**3 + 5*i**2 + 7. Determine b(w).
23
Let r(l) = 2*l + 2. Suppose 11*i - 8*i - 66 = 0. Suppose 0 = -2*y - 4 + i. Suppose -42*w + 39*w - y = 0. Give r(w).
-4
Suppose -2*q - 4*o = -20, 1340*q - 2*o = 1342*q - 16. Let a(m) = 3*m**2 - 17*m + 9. Give a(q).
15
Let z(p) = 2*p**3 - p**2 - 66*p + 6 - p**3 - 47*p - 65*p + 156*p. Give z(0).
6
Let q(z) = 2*z**3 + 14*z**2 - z + 152. Let p be q(-8). Let k(w) = w**3 - 32*w**2 + w - 41. What is k(p)?
-9
Let n(j) = -j**2 + 2*j - 4. Let y(w) = -13*w**2 + 5. Let u be y(0). Suppose v - 4*v - 4*f + 16 = 0, -20 = -2*v - u*f. Determine n(v).
-4
Let u(x) = -68*x + 76*x - 14*x + 19. Determine u(4).
-5
Let p(q) = -q**3 + 11*q**2 - 14*q + 16. Let l be (-8 + 341/44)/(-1) - 35/(-4). What is p(l)?
52
Let a(i) be the second derivative of i**3/2 + 63*i**2/2 - 524*i + 4. Give a(-18).
9
Let o(b) = -b**2 + 22*b + 79. Let x(a) = a**3 - 172*a**2 - 176*a + 545. Let t be x(173). Give o(t).
-25
Let m(r) be the first derivative of r**4/12 - r**2 - 94*r + 130. Let s(n) be the first derivative of m(n). What is s(2)?
2
Let c(w) = -w**3 - 10*w**2 - 4. Suppose 6*s = -68 + 188. Suppose -s*h + 14 = -3*k - 16*h, 60 = -4*k - 5*h. Determine c(k).
-4
Suppose -45*x + 47*x = 4. Let w(k) = -4*k**2 + 4*k + 5. Calculate w(x).
-3
Let i(f) = -33*f + 4099. Let v be i(124). Let q(r) = 11*r - 97. Give q(v).
-20
Let w(p) be the second derivative of -9*p - p**3 - 4*p**2 + 0 + 1/12*p**4. Calculate w(7).
-1
Let y(s) = -s**3 + s - 6. Let d be 171/33 + 4/(-22). Suppose 9*u - 5 = -d. What is y(u)?
-6
Let f(y) be the third derivative of -y**7/5040 - y**6/72 - y**5/30 + 37*y**3/6 - 5*y**2 - 1. Let d(u) be the third derivative of f(u). What is d(-6)?
-4
Let b(n) = -78 + 76*n + 63*n - 131*n. Calculate b(10).
2
Let j(d) = -987*d - 46*d**2 + 494*d - 14 + 49*d**2 + 3 + 495*d. Calculate j(-4).
29
Let s be 1/(-4*2/(-120)). Suppose -3*z + s = -3*n, -2 + 7 = -z - 4*n. Let k(v) = -5*v - 3. What is k(z)?
-18
Let d be 21/9 - (-4)/((-12)/1). Let v(f) = 2*f**d + 2 + 3*f**3 - 7 + 2*f + 8. Determine v(-2).
-17
Let v(l) = -2*l**2 - 88*l - 24. Let u be v(-7). Let w(z) = 4*z**3 - 496*z + 5*z**2 - 12*z**2 - 3*z**3 + u*z - 4. Determine w(7).
-18
Let w(q) = q**3 - 5*q**2 - 3*q**2 + 295*q - 142*q + 5 - 144*q. Determine w(7).
19
Let i be 2/(-16)*6*4. Let b be 9*(4/i + 1). Let z(o) = -o**3 - 2*o**2 - o - 3. Calculate z(b).
9
Let l = -487 + 482. Suppose 0 = 3*h - 6*h - 3. Let i(r) = -r - 1. Let p(t) = 3*t + 8. Let b(n) = h*p(n) + l*i(n). Determine b(3).
3
Let l(p) = p**2 - 22*p - 22. Let n be (2 + -1 + 4)/((-610)/(-2318)). Determine l(n).
-79
Let m(x) = -x**3 - 9*x**2 - 19*x - 9. Let g(o) = -8*o**3 - 34*o**2 - 11*o - 15. Let l be g(-4). What is m(l)?
-6
Let p(w) = -w**2 + 12*w - 8. Suppose -3*u - 4*g + 359 = 318, 4*g = 4*u - 36. Calculate p(u).
3
Let z(n) = n**2 + 6*n - 9. Suppose -69*u = -67*u + 60. Let w be u/(-6) + -2*(-18)/(-3). Calculate z(w).
-2
Let l(j) = -2*j**2 - 38*j - 42. Let n(s) = 64*s + 494. Let b be n(-8). Calculate l(b).
-6
Let s = 16 + -60. Suppose -y = 4*a - 5 - 80, 4*y = -5*a + 98. Let b be 300/s - 4/a. Let z(i) = -i - 3. What is z(b)?
4
Suppose -25 = 5*w - 6*o + 2*o, 16 = -w + 3*o. Let n be -2 + w - (13 - 12). Let i(y) = y**3 + 5*y**2 + 2*y - 5. Give i(n).
3
Let k = -32829 + 32838. Let p(v) = -16*v + 111. Determine p(k).
-33
Let n be -1 + (4 - 2)*2. Let r(z) = -5 + 2*z + 5 + 9*z**n + 3 - 2. Suppose 3*x - 2*u - 1 = 0, -6 = 4*u + 2. Give r(x).
-10
Let i(p) = 3*p + 5. Suppose -d - 5*d = -18. Let l(m) = 5*m + 9. Let a be l(d). Let r = -29 + a. Give i(r).
-10
Let s(l) = -33*l**2 - 7*l + 4. Let v(w) = -7*w**2 - w + 1. Let c(h) = s(h) - 6*v(h). Determine c(-1).
8
Let f(g) = -2*g**2 + 181*g - 2140. Let t be f(14). Let x(d) be the first derivative of -39 - d + 1/2*d**t. Give x(-9).
-10
Let s(g) = -10*g**2 - 3*g + 34 - 1816*g**3 - 1821*g**3 - 38*g + 3636*g**3 - 13*g**2. What is s(-21)?
13
Let u(o) = -o**2 - o + 4. Let y be (-7 - (-135)/20) + (-122)/(-8). Suppose 13*x = y*x + 14. Let h be 1/((35/15)/x). What is u(h)?
-2
Let x(t) = -5*t**2 + 12*t + 6. Let n(z) = 3*z**3 - 16*z**2 + 13*z + 16. Let y be n(4). Calculate x(y).
-26
Let p(h) = h**3 - 19*h**2 - 19*h - 22. Let t be p(20). Let n(b) be the first derivative of -b**2 + 2*b + 233. Calculate n(t).
6
Let x(j) = 4*j**2 - 4*j + 13. Let r(b) = -b**2 + 2*b - 4. Let o = 69 + -76. Let n(k) = o*r(k) - 2*x(k). Let u be 3/2*(-4)/1. Determine n(u).
2
Let m be (-391)/(-34) - 33/(-22). Let c(y) = -8*y + 107. Determine c(m).
3
Let b(f) = 26*f**2 - 3*f + 825. Let t(d) = -3*d**2 - 103. Let s(u) = -2*b(u) - 17*t(u). Determine s(13).
10
Let g(k) = k**3 - 13*k**2 - 15*k + 33. Let l be ((-96)/20 + 2)/((-124)/20 + 6). Determine g(l).
19
Let h(l) = l**3 - 3*l - 4. Let q(s) = s**2 - 32*s + 204. Let p be q(9). Determine h(p).
-22
Let h(b) be the second derivative of -b**3/6 - 6*b**2 - 7*b + 3. Let q(d) = -d - 26. Let t(c) = 9*h(c) - 4*q(c). Give t(3).
-19
Suppose -3*i + 61 = 19. Let c = 14 - i. Let k(j) = -j**3 + 2*j**2 - 4. Let z be k(c). Let l(m) = m**3 + 4*m**2 + 3*m + 5. Calculate l(z).
-7
Let z be (17 - 17)*2/(-2). Let g(i) be the second derivative of -i**5/20 - i**4/12 - 4*i**2 - 24*i. Calculate g(z).
-8
Let h(n) = -7*n**2 + 10*n**2 - 2*n**2 - 4 - 21*n**2 - 2*n - 2*n. Calculate h(-1).
-20
Let y = -68 + 49. Let q(b) = b**2 + 20*b + 18. Let o be q(y). Let u(z) = -3*z + 11. Let m(r) = -r + 4. Let v(k) = 11*m(k) - 4*u(k). Determine v(o).
-1
Let q(g) = -g**2 + 28*g - 81. Let m(h) = 3*h + 19. Let i be m(2). Determine q(i).
-6
Let j(d) be the third derivative of -d**6/120 - 3*d**5/20 - 11*d**4/24 + d**3/6 - 504*d**2. Calculate j(-8).
25
Let v = 27 - 91. Let w = v + 72. Let k(z) = -6 + 2*z - w*z + z**2 + 8 + 0. Give k(5).
-3
Suppose -64 = -407*s + 142 + 608. Let p(b) be the first derivative of b**3/3 - b - 1. Determine p(s).
3
Let m(g) be the second derivative of g**3/2 - 22*g**2 + 7530*g. Determine m(12).
-8
Let s(v) be the third derivative of 0*v**3 - 1/20*v**5 + 0 - v**2 - 1/24*v**4 + 15*v - 1/120*v**6. Calculate s(-2).
-2
Let k(y) be the first derivative of y**3/3 - 7*y**2/2 + 122527. Suppose 0 = -5*j + m + 2*m + 15, 4*m + 3 = j. What is k(j)?
-12
Suppose -12*b + 210 = -2*b. Let k(x) = 0 - 4 + b + x**2 - 5 + 10*x. Give k(-11).
23
Let s(f) = -f - 5. Let y be s(-8). Let c(g) be the first derivative of -g**3/3 + g**2 - 4*g + 776. Calculate c(y).
-7
Let l(d) be the second derivative of 6*d - 5 + 4/3*d**3 - 1/12*d**4 + 7/2*d**2. Determine l(8).
7
Let i be (3 + 0 - 0) + 0. Let p(r) = 1275*r**2 + 3 + 1267*r**2 - 2544*r**2 + 2*r. Give p(i).
-9
Let r(k) = 2*k**3 + 231*k**2 + 21*k + 4. Let t(p) = -3*p**3 - 359*p**2 - 32*p - 6. Let o(a) = -14*r(a) - 9*t(a). Calculate o(-5).
78
Let y = -32517 - -32522. Let a(x) be the third derivative of -x**4/4 + 5*x**3/6 + x**2. Calculate a(y).
-25
Let m(t) be the second derivative of -t**3/3 - 31*t**2/2 - 8631*t. Let p be (-464)/26 - 2/13. Give m(p).
5
Let q(s) = -s**3 + 2*s**2 - 46. Suppose 10*i = 7*h - 10*h - 50, 5*h = -5*i - 25. Determine q(h).
-46
Let n(g) = -g - 9. Suppose -4*s + 985 = -9*s. Let f = s - -182. Calculate n(f).
6
Let o(f) = -f**2 + 7*f + 4. Let h(v) = 4*v**2 - 22*v - 10. Let g(w) = 2*h(w) + 7*o(w). What is g(-3)?